 0 - -1*(l - -2)?
1
Let h(g) = -2*g**2 + 13*g + 7. Let q be h(7). Suppose -5*p = -25, -r + q*p = -3*p - 20. What is the units digit of r?
5
Let b(z) = -7*z - 17. Let q(g) = -6*g - 17. Let v(c) = -5*b(c) + 6*q(c). Let f be v(-9). Let h = -5 - f. What is the units digit of h?
3
Suppose -4 = -2*p, -p + 532 = o + 4*o. What is the units digit of o?
6
Let z(u) = -u**3 - 6*u**2 - 5*u. Let v be z(-5). Suppose -3*a + 39 = 3*x, v = -2*x - 2 + 10. What is the units digit of a?
9
Let r(m) = 9*m**2 - 4*m + 8. What is the units digit of r(4)?
6
Suppose 3*p + 63 = 6*p. What is the tens digit of p?
2
Let l(c) be the first derivative of c**4/4 - 7*c**3/3 + c**2 + 5*c - 3. What is the units digit of l(7)?
9
Let h = -69 + 109. What is the tens digit of h?
4
What is the tens digit of ((-3)/9)/((-1)/354)?
1
Suppose -b + 4 = b. What is the units digit of b?
2
Let c(t) = -t**2 + t + 2. Let z be c(-4). Let b = z + 2. Let j = b + 25. What is the units digit of j?
9
Let l = -48 + 100. What is the units digit of l?
2
Let q = -15 + 6. Let d be (12/10)/(q/(-240)). Suppose -h - d = -5*h. What is the units digit of h?
8
Suppose -4*l - 528 = -4*k, -16 = 5*l + 9. What is the hundreds digit of k?
1
Suppose -6*i - 150 = -7*i. What is the hundreds digit of i?
1
Suppose 6*s - 10*s = -104. What is the units digit of s?
6
Let w(o) = 3*o**2 + o - 1. What is the tens digit of w(4)?
5
Suppose 0*m - 18 = -4*a + 3*m, 13 = 5*a + m. Let v(x) = 3 - x**2 - 1 + x**a + x + 0. What is the units digit of v(2)?
8
Let x be (0 + 44 + 0)*1. Let b be 8/28 - x/7. Let f(q) = q**3 + 7*q**2 + 4*q - 5. What is the units digit of f(b)?
7
Let v = 79 + -8. Let h = v + -37. Suppose 2*f + 10 - h = 0. What is the units digit of f?
2
Let g(k) = -k**3 - 2*k**2 - k - 3. Suppose -4*m - 7 = 5*a - 0*m, -12 = 2*a - 3*m. What is the units digit of g(a)?
9
Let r be 3 - (1 + 1 + -1 + -2). Suppose -3*d + 4 = -d. Let c = r - d. What is the units digit of c?
2
Let t be 2*17/(-2) + -4. What is the tens digit of -1 + 2 - 2*t?
4
Let f be (-246)/(-22) + 6/(-33). Let c(s) = s**3 - 12*s**2 + 11*s + 5. What is the units digit of c(f)?
5
Suppose r + 17 = -3*n, 0 = -4*n + 3*n - 5. What is the units digit of -2*(0 - -2)/r?
2
What is the units digit of 1*2/((-6)/(-669))?
3
Suppose 2*n + 2*k - k = -19, 3*n - k = -21. Let d = -22 - 56. What is the units digit of d/n + 12/(-16)?
9
What is the units digit of -2*(-1)/(-6)*-114?
8
Let t = -3 + 2. Let z(w) = 9*w**2 + 1. What is the units digit of z(t)?
0
Suppose -4*w - 36 - 64 = 0. Let r be (-90)/w - (-2)/5. Suppose 0 = -r*z - 3*b + 13, 3*z + 5*b + 3 = 10. What is the units digit of z?
4
Let m be -1*1/(-1 + 0). Let b(y) = 2*y**3 - y. Let p be b(m). Suppose -15 = -2*v - 3*w, -3*v - w - p = -27. What is the units digit of v?
9
Suppose -u = 4*x - 24, -5*u = -5*x - 21 - 49. Let s = 28 - u. What is the tens digit of s?
1
Suppose 0 = -5*f + 59 + 96. What is the units digit of 2 + (3 - 5) + f?
1
Let t(b) = -11*b + 1. Suppose -m - 21 = -4*c, -2*m + 3 = -2*c + 3*m. Let i be (6/9)/((-4)/c). What is the units digit of t(i)?
2
Let u = 87 - -151. What is the hundreds digit of u?
2
Suppose 7 = -2*n + 3*i + 20, -i - 5 = -n. What is the tens digit of (10 - n)*1 - -2?
1
Let c(y) = -3*y + 6. Let b be c(0). Suppose x + 89 = l, 0*x - 2*x - 160 = 4*l. What is the units digit of x/(-6) - 2/b?
4
Let r be 8 - (-2)/1*1. Let u(q) = q + 17. Let w(d) = d + 1. Let i(h) = -u(h) + 3*w(h). What is the units digit of i(r)?
6
Let n be (-2)/6 - 11/3. Let v = 12 + n. What is the units digit of v?
8
Suppose -27 - 13 = 4*s. Let x = 12 + -8. What is the units digit of (-76)/s - x/(-10)?
8
Suppose 38 = i + 2*i - z, -4*i + 38 = 5*z. What is the units digit of i?
2
Let k(y) = y**2 + 16*y + 18. Let p be k(-15). Suppose 2*l = p + 27. What is the units digit of l?
5
Suppose -3*g + v + 24 = 0, 4*v - 33 = -4*g + 5*v. Let m be (-2)/1 - (12 + -43). Let i = m - g. What is the units digit of i?
0
Let a(s) = s + 11. Let f be a(-10). Let t(y) = 7*y - 1. What is the units digit of t(f)?
6
Let t = 6 - 6. Suppose t = 3*f + 3 + 6. What is the units digit of ((-2)/(-6))/(f/(-36))?
4
Let q(c) = -c**3 - 15*c**2 - 15*c - 13. What is the units digit of q(-14)?
1
Let b(i) be the third derivative of 3*i**4/8 + i**3/6 - i**2. What is the tens digit of b(1)?
1
Let u be (-3 - -4)*(-1 - -1). What is the units digit of (-6)/3 + 3 + u?
1
Suppose 5*g = a + 24, -3*g - 108 = 3*a + 36. Let m = -2 - a. What is the units digit of m?
2
Suppose 4*v + 97 = 293. What is the units digit of v?
9
Let r(q) = -q**3 - 11*q**2 - 8*q. Let h be r(-11). Let v = h + -58. What is the tens digit of v?
3
Let b be -3 - -3 - 0/(-1). Suppose -10 = -s - b*s. What is the tens digit of s?
1
What is the hundreds digit of 116 - 3 - (-2 + (4 - -1))?
1
Let w = 164 - 104. What is the units digit of w?
0
Suppose 3 - 46 = -m. What is the units digit of m?
3
Suppose 3*v = 4*d + v - 66, -2*v + 6 = 0. Let l = d - 9. What is the units digit of l?
9
Let l(k) = k**2 - 8*k + 9. Let q be l(6). Let b = 17 - q. What is the units digit of b?
0
Let a(j) = -j + 2*j - j - j + 4. Let p(i) = -i**2 + 4*i - 3. Let f be p(3). What is the units digit of a(f)?
4
What is the tens digit of 185 - (3 + 0) - -5?
8
Suppose 7*f = 3*s + 3*f - 863, 4*f = 2*s - 574. What is the tens digit of s?
8
Suppose 5*m = 175 + 60. What is the units digit of m?
7
Let s(y) = -y**2 + 8*y - 7. Let x be s(6). Suppose 5*n = p - 39, 3*n - 2*n + x = 0. What is the tens digit of p?
1
Suppose -2 = 4*t - 14. Suppose -t*q + q = -26. Let w = q + 0. What is the tens digit of w?
1
Let b(s) = 2*s**2 + 2*s + 4. What is the units digit of b(-6)?
4
What is the units digit of (-8 + 11)*(2 + 37)?
7
Suppose -p + 242 = 4*l, -6*p = 5*l - p - 295. What is the tens digit of l?
6
Suppose 2*v - i + 3 = 15, 3*i = -12. Let y(d) = -d**2 - 8*d - 5. Let b be y(-7). Suppose 38 = v*t + b. What is the units digit of t?
9
Let w be (-260)/(-70) + 4/14. Suppose -4*k = -b + 3, 0*b + 11 = b + w*k. What is the units digit of b?
7
Let r(w) = -4 - 3*w + 6*w + 0. Let b = 7 - 3. What is the units digit of r(b)?
8
Let s be (0 - -2) + 0 + 0. Suppose -s*g = 5*f + 3*g - 30, 0 = 4*f - 5*g - 42. What is the units digit of f?
8
Let x = 3 - -16. What is the units digit of x?
9
Let l(v) be the first derivative of v**2 - 3*v + 3. What is the units digit of l(6)?
9
Suppose 3*b - 103 = -28. Let q = -19 + b. What is the units digit of q?
6
Let a(y) = -4*y**2 - 12*y + 1. Let l(c) = -5*c**2 - 13*c + 2. Let j(i) = 4*a(i) - 3*l(i). What is the units digit of j(-6)?
6
Suppose 329 + 1031 = 5*y. What is the units digit of y?
2
Let f(n) = 63*n**3 - 3*n**2 + 3*n - 1. What is the tens digit of f(1)?
6
Let f = 68 - 18. Suppose v = -v + f. What is the tens digit of v?
2
Let p(q) = -2*q - 18. Let r be p(-10). Let o(f) = f + 2. Let d be o(2). What is the units digit of 3 - d*r/(-4)?
5
Suppose -4*b = 4*d + 30 + 10, -22 = 2*d + b. Let o = -57 + 30. Let y = d - o. What is the units digit of y?
5
Let v = 10 - 7. Let u = v + 2. Suppose -u*o = -o - 24. What is the units digit of o?
6
Let f(m) = 5*m**3 + m**2. Let j be f(1). Let k(x) = -x**3 + 6*x**2 + x - 2. What is the units digit of k(j)?
4
Let o be -1 - -36 - (11 - 13). Suppose -f - 2 = -o. What is the tens digit of f?
3
Let a(g) = g**3 - g + 41. Suppose 0 = -3*p - 0*p. What is the tens digit of a(p)?
4
Let h be (-472)/(-12) + 4/6. Let k = -10 + h. What is the units digit of k?
0
Suppose -2*i + 4*i - 102 = 0. What is the tens digit of i?
5
What is the tens digit of (-149)/(-4) - (-3 - 13/(-4))?
3
Suppose 3*i - 14 = -44. Let h = 12 + i. Suppose m + 2*s - 7 = 0, 3*m - 5*s = -h*m + 95. What is the tens digit of m?
1
Let v(m) = -m - 5. Suppose -5*b + 0*k = 2*k + 51, -4*b + 3*k - 27 = 0. Let i be v(b). Let s(j) = j**2 - 4*j + 4. What is the units digit of s(i)?
4
Let s(f) = f - 2. Suppose 0 = -5*d - 2 + 17. What is the units digit of s(d)?
1
Let u(o) = -2*o. Let t(g) = 2*g. Let d be t(3). Suppose j = -c, -3*j + 3*c = -8*j - d. What is the units digit of u(j)?
6
Let g = 17 - 15. What is the units digit of g/(-10) - (-153)/15?
0
Let q(c) = 4*c**2 + c - 1. Let i be q(1). Suppose -2*t = y + i, 2*y = -3*y + 4*t + 36. Suppose 4*d - y + 0 = -2*l, 0 = -4*d - 16. What is the tens digit of l?
1
What is the tens digit of (3 - 5) + 5 + 123 + -1?
2
What is the units digit o